{"id":445,"date":"2022-04-22T20:58:28","date_gmt":"2022-04-22T20:58:28","guid":{"rendered":"https:\/\/www.halkapinar.bel.tr\/?page_id=445"},"modified":"2022-04-22T20:59:07","modified_gmt":"2022-04-22T20:59:07","slug":"emlak-ve-istimlak-islemleri-ilgili-kisi-aydinlatma-metni","status":"publish","type":"page","link":"https:\/\/www.halkapinar.bel.tr\/?page_id=445","title":{"rendered":"EMLAK VE \u0130ST\u0130MLAK \u0130\u015eLEMLER\u0130 \u0130LG\u0130L\u0130 K\u0130\u015e\u0130 AYDINLATMA METN\u0130"},"content":{"rendered":"<a href=\"kvkk-evraklar\/EMLAK_VE_ISTIMLAK_ISLEMLERI_ILGILI_KISI_AYDINLATMA_METNI.pdf\" class=\"pdfemb-viewer\" style=\"\" data-width=\"max\" data-height=\"max\"  data-toolbar=\"bottom\" data-toolbar-fixed=\"off\">EMLAK_VE_ISTIMLAK_ISLEMLERI_ILGILI_KISI_AYDINLATMA_METNI<br\/><\/a>\n","protected":false},"excerpt":{"rendered":"EMLAK_VE_ISTIMLAK_ISLEMLERI_ILGILI_KISI_AYDINLATMA_METNI","protected":false},"author":2,"featured_media":0,"parent":0,"menu_order":0,"comment_status":"closed","ping_status":"closed","template":"","meta":[],"_links":{"self":[{"href":"https:\/\/www.halkapinar.bel.tr\/index.php?rest_route=\/wp\/v2\/pages\/445"}],"collection":[{"href":"https:\/\/www.halkapinar.bel.tr\/index.php?rest_route=\/wp\/v2\/pages"}],"about":[{"href":"https:\/\/www.halkapinar.bel.tr\/index.php?rest_route=\/wp\/v2\/types\/page"}],"author":[{"embeddable":true,"href":"https:\/\/www.halkapinar.bel.tr\/index.php?rest_route=\/wp\/v2\/users\/2"}],"replies":[{"embeddable":true,"href":"https:\/\/www.halkapinar.bel.tr\/index.php?rest_route=%2Fwp%2Fv2%2Fcomments&post=445"}],"version-history":[{"count":3,"href":"https:\/\/www.halkapinar.bel.tr\/index.php?rest_route=\/wp\/v2\/pages\/445\/revisions"}],"predecessor-version":[{"id":449,"href":"https:\/\/www.halkapinar.bel.tr\/index.php?rest_route=\/wp\/v2\/pages\/445\/revisions\/449"}],"wp:attachment":[{"href":"https:\/\/www.halkapinar.bel.tr\/index.php?rest_route=%2Fwp%2Fv2%2Fmedia&parent=445"}],"curies":[{"name":"wp","href":"https:\/\/api.w.org\/{rel}","templated":true}]}}