{"id":381,"date":"2022-04-22T18:09:59","date_gmt":"2022-04-22T18:09:59","guid":{"rendered":"https:\/\/www.halkapinar.bel.tr\/?page_id=381"},"modified":"2022-04-22T18:10:00","modified_gmt":"2022-04-22T18:10:00","slug":"kisisel-verilerin-korunmasina-iliskin-ada-parsel-arsiv-dosyasi-talebinde-bulunan-kisi-aydinlatma-metni","status":"publish","type":"page","link":"https:\/\/www.halkapinar.bel.tr\/?page_id=381","title":{"rendered":"K\u0130\u015e\u0130SEL VER\u0130LER\u0130N KORUNMASINA \u0130L\u0130\u015eK\u0130N ADA-PARSEL AR\u015e\u0130V DOSYASI TALEB\u0130NDE BULUNAN K\u0130\u015e\u0130 AYDINLATMA METN\u0130"},"content":{"rendered":"<a href=\"kvkk-evraklar\/ADA%20PARSEL%20ARS%CC%A7I%CC%87V%20DOSYASI%20TALEBI%CC%87NDE%20BULUNAN%20KI%CC%87S%CC%A7I%CC%87%20AYDINLATMA%20METNI%CC%87.pdf\" class=\"pdfemb-viewer\" style=\"\" data-width=\"max\" data-height=\"max\"  data-toolbar=\"bottom\" data-toolbar-fixed=\"off\">ADA%20PARSEL%20ARS%CC%A7I%CC%87V%20DOSYASI%20TALEBI%CC%87NDE%20BULUNAN%20KI%CC%87S%CC%A7I%CC%87%20AYDINLATMA%20METNI%CC%87<br\/><\/a>\n","protected":false},"excerpt":{"rendered":"ADA%20PARSEL%20ARS%CC%A7I%CC%87V%20DOSYASI%20TALEBI%CC%87NDE%20BULUNAN%20KI%CC%87S%CC%A7I%CC%87%20AYDINLATMA%20METNI%CC%87","protected":false},"author":2,"featured_media":0,"parent":0,"menu_order":0,"comment_status":"closed","ping_status":"closed","template":"","meta":[],"_links":{"self":[{"href":"https:\/\/www.halkapinar.bel.tr\/index.php?rest_route=\/wp\/v2\/pages\/381"}],"collection":[{"href":"https:\/\/www.halkapinar.bel.tr\/index.php?rest_route=\/wp\/v2\/pages"}],"about":[{"href":"https:\/\/www.halkapinar.bel.tr\/index.php?rest_route=\/wp\/v2\/types\/page"}],"author":[{"embeddable":true,"href":"https:\/\/www.halkapinar.bel.tr\/index.php?rest_route=\/wp\/v2\/users\/2"}],"replies":[{"embeddable":true,"href":"https:\/\/www.halkapinar.bel.tr\/index.php?rest_route=%2Fwp%2Fv2%2Fcomments&post=381"}],"version-history":[{"count":5,"href":"https:\/\/www.halkapinar.bel.tr\/index.php?rest_route=\/wp\/v2\/pages\/381\/revisions"}],"predecessor-version":[{"id":386,"href":"https:\/\/www.halkapinar.bel.tr\/index.php?rest_route=\/wp\/v2\/pages\/381\/revisions\/386"}],"wp:attachment":[{"href":"https:\/\/www.halkapinar.bel.tr\/index.php?rest_route=%2Fwp%2Fv2%2Fmedia&parent=381"}],"curies":[{"name":"wp","href":"https:\/\/api.w.org\/{rel}","templated":true}]}}

KİŞİSEL VERİLERİN KORUNMASINA İLİŞKİN ADA-PARSEL ARŞİV DOSYASI TALEBİNDE BULUNAN KİŞİ AYDINLATMA METNİ
