{"id":335,"date":"2021-09-24T20:19:25","date_gmt":"2021-09-24T20:19:25","guid":{"rendered":"https:\/\/www.halkapinar.bel.tr\/?page_id=335"},"modified":"2022-04-22T22:46:58","modified_gmt":"2022-04-22T22:46:58","slug":"335-2","status":"publish","type":"page","link":"https:\/\/www.halkapinar.bel.tr\/?page_id=335","title":{"rendered":"HALKAPINAR BELED\u0130YE BA\u015eKANLI\u011eI \u00c7EREZ VE G\u0130ZL\u0130L\u0130K POL\u0130T\u0130KASI"},"content":{"rendered":"\r\n<p>[vc_row][vc_column][vc_column_text]<\/p>\r\n<p>\u0130\u015fbu \u00c7erez Uygulamalar\u0131 Politikas\u0131, <strong>\u00a0\u00a0Halkap\u0131nar Belediyesi<\/strong> (Belediye olarak an\u0131lacakt\u0131r.) taraf\u0131ndan y\u00fcr\u00fct\u00fclen <a href=\"http:\/\/www.halkapinar.bel.tr\"><strong>www.halkapinar.bel.tr<\/strong><\/a>\u00a0web sitesi i\u00e7in ge\u00e7erlidir.<\/p>\r\n\r\n\r\n\r\n<p>Belediyemiz deneyimlerinizi geli\u015ftirmek i\u00e7in ilgili web sitesinde \u00e7erezler kullanabilir. Kullan\u0131lan \u00e7erezler sisteminizden ve\/veya sabit diskinizden herhangi bir bilgi toplamaz.<\/p>\r\n\r\n\r\n\r\n<p>Sitemizde isim ve e-posta adresi ile tan\u0131mlanmazs\u0131n\u0131z; bununla beraber ilk giri\u015finizde say\u0131 ve dizinler atan\u0131r.<\/p>\r\n\r\n\r\n\r\n<p><strong>Ama\u00e7<\/strong><\/p>\r\n\r\n\r\n\r\n<p><strong>\u00a0 Halkap\u0131nar Belediyesi<\/strong> olarak, ki\u015fisel verileri a\u015fa\u011f\u0131da say\u0131lan ama\u00e7lar kapsam\u0131nda i\u015flemekteyiz:<\/p>\r\n\r\n\r\n\r\n<ul>\r\n<li>Faaliyetlerimizi y\u00fcr\u00fctmek,<\/li>\r\n<li>Ziyaret\u00e7ilerimizin ve \u00fcyelerimizin, sundu\u011fumuz imkanlardan etkin bir \u015fekilde yararlanmas\u0131n\u0131 sa\u011flamak,<\/li>\r\n<li>Kullan\u0131c\u0131 ad\u0131na sitemiz imkanlar\u0131ndan faydalan\u0131lmas\u0131,<\/li>\r\n<li>\u00dcyelerimizin\/ziyaret\u00e7ilerimizin tercih ve ihtiya\u00e7lar\u0131n\u0131 tespit etmek ve verdi\u011fimiz hizmetleri bu kapsamda \u015fekillendirmek, g\u00fcncellemek,<\/li>\r\n<li>Belediyecilik faaliyetlerimize ili\u015fkin tan\u0131t\u0131m yapabilmek,<\/li>\r\n<li>Ziyaret\u00e7ilerin taleplerini iletebilmesi amac\u0131yla ek olarak bilgi formlar\u0131n\u0131n doldurulmas\u0131,<\/li>\r\n<li>Yasal d\u00fczenlemelerin gerektirdi\u011fi veya zorunlu k\u0131ld\u0131\u011f\u0131 \u015fekilde, hukuki y\u00fck\u00fcml\u00fcl\u00fcklerimizi yerine getirilmesini sa\u011flamak,<\/li>\r\n<li>Ba\u015fkana Mesaj sekmesinden Belediye y\u00f6netimine bir tak\u0131m taleplerin iletilebilmesi,<\/li>\r\n<\/ul>\r\n\r\n\r\n\r\n<p><strong>\u00a0 Halkap\u0131nar\u00a0 <\/strong>\u00a0Belediye Ba\u015fkanl\u0131\u011f\u0131, ki\u015fisel verilerinizin 6698 say\u0131l\u0131 KVK Kanunu ve sair mevzuat h\u00fck\u00fcmlerine uygun \u015fekilde i\u015flenmesini ve korunmas\u0131n\u0131 ama\u00e7lamaktad\u0131r.<\/p>\r\n\r\n\r\n\r\n<p>1. Ki\u015fisel verilerinizi i\u015flenmelerini gerektiren ama\u00e7 \u00e7er\u00e7evesinde ve bu ama\u00e7 ile ba\u011flant\u0131l\u0131, s\u0131n\u0131rl\u0131 ve \u00f6l\u00e7\u00fcl\u00fc \u015fekilde,<\/p>\r\n\r\n\r\n\r\n<p>2. Sitemize bildirilen \u015fekliyle ki\u015fisel verilerin do\u011frulu\u011funu ve en g\u00fcncel halini korumak kayd\u0131yla saklanacakt\u0131r.<\/p>\r\n\r\n\r\n\r\n<p>\u0130\u015fbu \u00c7erez Gizlilik Politikas\u0131nda belirtilmi\u015f olan ki\u015fisel veriler,<a href=\"http:\/\/www.halkapinar.bel.tr\"><strong>www.halkapinar.bel.tr<\/strong><\/a>\u00a0\u00a0\u00a0ba\u011flant\u0131s\u0131na girmeniz ve i\u015flem yapman\u0131z durumunda elde edilecektir.<\/p>\r\n\r\n\r\n\r\n<p><strong>\u0130\u015flenen Ki\u015fisel Verileriniz:<\/strong><\/p>\r\n\r\n\r\n\r\n<figure class=\"wp-block-table\">\r\n<table>\r\n<tbody>\r\n<tr>\r\n<td><strong>Kimlik Verisi<\/strong><\/td>\r\n<td>Ad Soyad\u0131 (Ba\u015fkana Mesaj k\u0131sm\u0131nda doldurulan ek bilgi formu g\u00f6nderen ziyaret\u00e7ilerden iradeleri dahilinde al\u0131nmaktad\u0131r.)<\/td>\r\n<\/tr>\r\n<tr>\r\n<td><strong>\u0130leti\u015fim Verisi<\/strong><\/td>\r\n<td>E-Mail Adresi, Telefon Numaras\u0131 (Ba\u015fkana Mesaj k\u0131sm\u0131nda doldurulan ek bilgi formu g\u00f6nderen ziyaret\u00e7ilerden iradeleri dahilinde al\u0131nmaktad\u0131r.) \u00a0<\/td>\r\n<\/tr>\r\n<tr>\r\n<td><strong>\u00c7erez Verisi<\/strong> <strong>\u00a0<\/strong> <strong>\u00a0<\/strong><\/td>\r\n<td>Google Analytics, Google Tag Manager, Google DoubleClick Ad, Google Dynamic Remarketing, Google Adwords User List, Google Tag Manager, Facebook Connect, Google Adsense, Google Haritalar.<\/td>\r\n<\/tr>\r\n<\/tbody>\r\n<\/table>\r\n<\/figure>\r\n\r\n\r\n\r\n<p><a href=\"http:\/\/www.halkapinar.bel.tr\"><strong>www.halkapinar.bel.tr<\/strong><\/a>\u00a0sitesinde veya site haricindeki alanlarda \u00fcr\u00fcn ve hizmet tan\u0131t\u0131m\u0131n\u0131 yapmak i\u00e7in Google DoubleClick Ad, Google Dynamic Remarketing, Google Adwords User List, Facebook Connect \u00e7erezleri kullan\u0131lmaktad\u0131r. \u00d6l\u00e7\u00fcmleme ve site i\u00e7i iyile\u015ftirme faaliyetleri i\u00e7in ise Google Analytics, Google Tag Manager \u00e7erezleri kullan\u0131lmaktad\u0131r.<\/p>\r\n\r\n\r\n\r\n<p>Ziyaret\u00e7ilerimiz bu verilerin sisteme i\u015flenmesine, sitemizdeki imkanlardan daha \u00e7ok yararlanabilmek i\u00e7in kendi r\u0131zalar\u0131 ile izin vermektedirler. Yine kendi r\u0131zalar\u0131 ile bu bilgileri silebilmekte ve de\u011fi\u015ftirebilmektedirler. Ki\u015fisel verileri g\u00fcncel ve do\u011fru tutma y\u00fck\u00fcml\u00fcl\u00fc\u011f\u00fcm\u00fcz kapsam\u0131nda \u00fcyelik bilgileri g\u00fcncelli\u011fini yitirdi\u011finde de\u011fi\u015ftirilmesini ya da silinmesini talep etmekteyiz.<\/p>\r\n\r\n\r\n\r\n<p><strong>Ki\u015fisel Verilerin Toplanmas\u0131 ve Saklanma Usul\u00fc<\/strong><\/p>\r\n\r\n\r\n\r\n<p>Bizimle payla\u015ft\u0131\u011f\u0131n\u0131z Ad- Soyad, ileti\u015fim bilgisi ve \u00e7erez bilgisini;<\/p>\r\n\r\n\r\n\r\n<p><a href=\"http:\/\/www.halkapinar.bel.tr\"><strong>www.halkapinar.bel.tr<\/strong><\/a>\u00a0internet sayfas\u0131n\u0131n kullan\u0131lmas\u0131 ve sitemizde bulunan bilgi formlar\u0131n\u0131n doldurulmas\u0131 ile,<\/p>\r\n\r\n\r\n\r\n<p>a) Gerekti\u011fi durumda ileti\u015fim i\u00e7in adres ve di\u011fer gerekli bilgileri kaydetmek,<\/p>\r\n\r\n\r\n\r\n<p>b) Yasal y\u00fck\u00fcml\u00fcl\u00fcklerimizi yerine getirebilmek ve y\u00fcr\u00fcrl\u00fckteki mevzuattan do\u011fan haklar\u0131m\u0131z\u0131 kullanabilmek,<\/p>\r\n\r\n\r\n\r\n<p>c) <strong>\u00a0Halkap\u0131nar Belediyesi<\/strong> hizmetlerini geli\u015ftirmeye ve daha efektif hale getirmeye y\u00f6nelik me\u015fru menfaati gere\u011fi web sitemizde kullan\u0131lan \u00e7erezler vas\u0131tas\u0131yla ki\u015fisel verilerinizi elektronik olarak toplamaktad\u0131r.<\/p>\r\n\r\n\r\n\r\n<p>Ki\u015fisel verileriniz elektronik ve\/veya fiziksel ortamlarda saklanacakt\u0131r. Taraf\u0131m\u0131zca temin edilen ve saklanan ki\u015fisel verilerinizin sakland\u0131klar\u0131 ortamlarda yetkisiz eri\u015fime maruz kalmamalar\u0131, manip\u00fclasyona u\u011framamalar\u0131, kaybolmamalar\u0131 ve zarar g\u00f6rmemeleri amac\u0131yla gereken i\u015f s\u00fcre\u00e7lerinin tasar\u0131m\u0131 ile teknik g\u00fcvenlik altyap\u0131 geli\u015ftirmeleri uygulanmaktad\u0131r. Ki\u015fisel verileriniz, size bildirilen ama\u00e7lar ve kapsam d\u0131\u015f\u0131nda kullan\u0131lmamak kayd\u0131 ile gerekli t\u00fcm bilgi g\u00fcvenli\u011fi tedbirleri de al\u0131narak i\u015flenecek ve yasal saklama s\u00fcresince veya b\u00f6yle bir s\u00fcre \u00f6ng\u00f6r\u00fclmemi\u015fse i\u015fleme amac\u0131n\u0131n gerekli k\u0131ld\u0131\u011f\u0131 s\u00fcre boyunca saklanacak ve i\u015flenecektir. Bu s\u00fcre sona erdi\u011finde, ki\u015fisel verileriniz silinme, yok edilme ya da anonimle\u015ftirme y\u00f6ntemleri ile veri ak\u0131\u015flar\u0131m\u0131zdan \u00e7\u0131kar\u0131lacakt\u0131r.<\/p>\r\n\r\n\r\n\r\n<p><strong>Ki\u015fisel Verilerin Aktar\u0131lmas\u0131<\/strong><\/p>\r\n\r\n\r\n\r\n<p>Ki\u015fisel verileriniz; g\u00fcvenli\u011finiz ve \u015firketimizin yasalar kar\u015f\u0131s\u0131ndaki y\u00fck\u00fcml\u00fcl\u00fcklerini yerine getirmek amac\u0131yla 5651 say\u0131l\u0131 \u0130nternet Ortam\u0131nda Yap\u0131lan Yay\u0131nlar\u0131n D\u00fczenlenmesi ve Bu Yay\u0131nlar Yoluyla \u0130\u015flenen Su\u00e7larla M\u00fccadele Edilmesi Hakk\u0131nda Kanun, 6698 Say\u0131l\u0131 Ki\u015fisel Verilerin Korunmas\u0131 Kanunu ve fakat bununla s\u0131n\u0131rl\u0131 olmamak \u00fczere sair mevzuat h\u00fck\u00fcmleri izin verdi\u011fi ve gerektirdi\u011fi \u00f6l\u00e7\u00fcde ilgili kurum veya kurulu\u015flar, kendi nam ve hesab\u0131na faaliyette bulunan \u015firketler ve temsilcilerimize Ki\u015fisel Verileri Koruma Kurumu, Bilgi Teknolojileri ve \u0130leti\u015fim Kurumu gibi kamu t\u00fczel ki\u015fileri ile payla\u015f\u0131labilir.<\/p>\r\n","protected":false},"excerpt":{"rendered":"<p>[vc_row][vc_column][vc_column_text] \u0130\u015fbu \u00c7erez Uygulamalar\u0131 Politikas\u0131, \u00a0\u00a0Halkap\u0131nar Belediyesi (Belediye olarak an\u0131lacakt\u0131r.) taraf\u0131ndan y\u00fcr\u00fct\u00fclen www.halkapinar.bel.tr\u00a0web sitesi i\u00e7in ge\u00e7erlidir. Belediyemiz deneyimlerinizi geli\u015ftirmek i\u00e7in ilgili web sitesinde \u00e7erezler kullanabilir. Kullan\u0131lan<span class=\"excerpt-hellip\"> [\u2026]<\/span><\/p>\n","protected":false},"author":2,"featured_media":0,"parent":0,"menu_order":0,"comment_status":"closed","ping_status":"closed","template":"","meta":[],"_links":{"self":[{"href":"https:\/\/www.halkapinar.bel.tr\/index.php?rest_route=\/wp\/v2\/pages\/335"}],"collection":[{"href":"https:\/\/www.halkapinar.bel.tr\/index.php?rest_route=\/wp\/v2\/pages"}],"about":[{"href":"https:\/\/www.halkapinar.bel.tr\/index.php?rest_route=\/wp\/v2\/types\/page"}],"author":[{"embeddable":true,"href":"https:\/\/www.halkapinar.bel.tr\/index.php?rest_route=\/wp\/v2\/users\/2"}],"replies":[{"embeddable":true,"href":"https:\/\/www.halkapinar.bel.tr\/index.php?rest_route=%2Fwp%2Fv2%2Fcomments&post=335"}],"version-history":[{"count":6,"href":"https:\/\/www.halkapinar.bel.tr\/index.php?rest_route=\/wp\/v2\/pages\/335\/revisions"}],"predecessor-version":[{"id":630,"href":"https:\/\/www.halkapinar.bel.tr\/index.php?rest_route=\/wp\/v2\/pages\/335\/revisions\/630"}],"wp:attachment":[{"href":"https:\/\/www.halkapinar.bel.tr\/index.php?rest_route=%2Fwp%2Fv2%2Fmedia&parent=335"}],"curies":[{"name":"wp","href":"https:\/\/api.w.org\/{rel}","templated":true}]}}